 of o(j)?
2
Suppose -k - 84 = -5*x, 7*x - 2*x + 2*k - 87 = 0. What is the tens digit of x?
1
What is the units digit of ((-338)/(-8)*-2 + -4)*-2?
7
Let x = -1 + 4. Let c(z) = 4*z - 2. What is the units digit of c(x)?
0
Let b(c) = 6*c - 2. Let i be b(1). Let x(p) = p**2 - 5. Let q be x(-7). Suppose 0*k + q = 4*t + i*k, 3*t - k - 25 = 0. What is the units digit of t?
9
Suppose -2*v = -0*v + 392. Let i be (-2)/6 + v/6. Let n = 50 + i. What is the tens digit of n?
1
Suppose 0 = 2*b - 4*b + 40. Let p = 9 - 4. Suppose -s + b = 3*i, 3*s = 3*i - p*i + 11. What is the units digit of i?
7
Suppose 0*c + d - 170 = -5*c, 136 = 4*c + 2*d. Let b = c + -19. What is the tens digit of b?
1
Let w = -18 - -12. Let g(u) = -4*u - 3. What is the units digit of g(w)?
1
Let d be (-1)/(3/(-9)*1). Suppose -d*b = 9 - 33. What is the units digit of b?
8
Let r be (53 + -2 - 0) + 3. Let l = r - 17. What is the tens digit of l?
3
Suppose 5*w + o + 15 = 0, -o + 23 = -2*w + 2*o. Let r = -6 - w. What is the units digit of (-6)/12 + (-35)/r?
7
Let b(r) be the third derivative of -r**6/120 + 7*r**5/60 - 5*r**4/24 - r**3/2 + 17*r**2. Let w = 12 - 6. What is the units digit of b(w)?
3
Let k be 240/(-25)*(-30)/4. Let b = -45 + k. What is the units digit of b?
7
Let p(g) = 2*g - 8. Let y be p(6). Let q(x) = 2*x - 5. Let n be q(y). Suppose 6 = 3*h - n. What is the units digit of h?
3
Let l = 5 + -9. Let f = 1 + l. What is the units digit of (-3)/((f/(-9))/(-1))?
9
Let d be (-8)/28 - 19/7. Let o(a) = -a. What is the units digit of o(d)?
3
Suppose w - b = 0, w - 4 - 8 = -2*b. Let d be 22/w + 1/(-2). Suppose o = -g + 6 + 3, g - d*o = 9. What is the units digit of g?
9
Suppose -j = -4*c - 3, -5*j + 4*c + 15 = -0*c. What is the units digit of j?
3
Let i(v) = -v**2 + 10*v - 5. What is the units digit of i(6)?
9
Let x(d) = -2*d**3 - 2*d**2 - d. What is the tens digit of x(-2)?
1
Let c = 10 - 5. Let g(l) = -1 - 3*l + 9 - c*l + l**2. What is the units digit of g(7)?
1
Let b = 1 + -4. Let v(j) = -j**3 - 4*j**2 - 2*j - 1. Let a be v(b). What is the units digit of 56/10 - a/10?
6
Suppose -154 - 518 = -6*u. What is the hundreds digit of u?
1
Suppose -2 + 4 = f, -30 = 4*t + 5*f. Let c = -5 - t. What is the units digit of c?
5
Let y be 112/20 + (-3)/5. Suppose -2*m = -m - y. What is the units digit of m?
5
Let t(r) = 17*r. Let n be t(8). Suppose -4*x = -5*m - 188, -2*x - 4 - n = 4*m. What is the units digit of m/(-30)*(-5)/(-2)?
3
Suppose 4*t + 0*v = -3*v + 19, 3*t = -4*v + 16. Let r = t - 2. What is the units digit of (r/(-7))/(3/(-21))?
2
Let j(c) = -c**2 - 20*c - 19. What is the tens digit of j(-15)?
5
Suppose -2*u + 7 = 3. Suppose -u*g = -2*f - f + 222, -f + 74 = 5*g. Suppose 0 = 5*i - f - 1. What is the units digit of i?
5
Let g(z) = -z**3 + 4*z**2 - z. Let q be g(4). Let a be ((-6)/q)/((-9)/(-12)). Suppose -4*r + 42 = a. What is the units digit of r?
0
Let l(u) = u**3 - 5*u**2 + 7*u - 6. What is the units digit of l(4)?
6
Let h(i) = i**2 - 4*i. Suppose -3*p + 4*n + 5 = 0, -5*p = -3*n - n - 3. Let a be (-1 - p) + -1 - -6. What is the units digit of h(a)?
5
Suppose -2*t + t - 1 = 0. What is the units digit of (-3)/(24/(-15) - t)?
5
Suppose 2*j - 9 = -1. Let s = 5 - j. What is the units digit of s/(-2 - (-27)/12)?
4
Let u(m) = -5*m**2 - m - 3. Let z(h) = 4*h**2 + h + 2. Let f(k) = -3*u(k) - 4*z(k). Let w be f(0). What is the units digit of -1 + (3 - w) + 6?
7
Let d = 8 - 6. Suppose -2*x + 0*k + 1 = k, 0 = d*x + 5*k - 21. What is the units digit of (1 + x)/((-1)/2)?
2
Let u(z) = -4 + 0*z - 3*z + 2*z + 8. What is the units digit of u(-6)?
0
Let j = 42 - -28. What is the units digit of j?
0
Let d = 39 + -20. Let i = d - 6. What is the units digit of i?
3
Let l be ((-20)/6)/(4/78). Let r = -41 - l. What is the tens digit of r?
2
Suppose -3*r = -4*x - 34, r + r - 3*x = 24. Let o be 19/7 + (-2)/(-7). What is the units digit of (14/r + -1)*o?
4
Let k(y) = -y**3 + y + 3. What is the units digit of k(0)?
3
Let l(i) = 6*i + 1. Let y be l(1). Let c = y - -2. Let x = c + -4. What is the units digit of x?
5
Let o(z) = -z**3 + 2*z**3 - 3*z**2 + 2 - 5*z + 2*z**2. Suppose -2*d = -5*v + 21, 0 = v + 2*v - 4*d - 21. What is the units digit of o(v)?
5
Let h(w) = -w**3 - 8*w**2 - 8*w + 10. What is the units digit of h(-7)?
7
Let t be -9 - -8*1/2. Suppose 0 = 3*a - 2*l + 41 + 7, 65 = -4*a + 3*l. Let s = t - a. What is the units digit of s?
9
Let q be 8/(-1)*1/(-2). Suppose -i = q*i - 180. What is the units digit of i?
6
Suppose 0 = 5*h - 0*h - 20. What is the units digit of (-60)/h*(1 + -2)?
5
Suppose -2*k - 14 = -4*k. Let j(o) = o + 2. Let t be j(k). Let f = -3 + t. What is the units digit of f?
6
Let p(q) = q**3 + 7*q**2 + 7*q - 4. What is the units digit of p(-5)?
1
Let v = -21 - -37. Let c be 3/(-2)*40/6. Let g = c + v. What is the units digit of g?
6
Let v(j) = -j - 6. Let f(o) = -3*o - 17. Let h(a) = 2*f(a) - 7*v(a). What is the units digit of h(0)?
8
Suppose -r + 6*r = 2*o + 66, 51 = 4*r - o. Let x = r - 8. What is the units digit of x?
4
Let r = 34 - -102. What is the hundreds digit of r?
1
What is the units digit of -2*(-1668)/(-16)*(-4)/6?
9
Suppose -4*r + r + 117 = 0. Suppose g = -j + 5, 3*j - 12 = -g - 3. Suppose b + g = o - b, -5*o = -2*b - r. What is the units digit of o?
9
Let t(b) = -b**2 - 2*b + 1. Suppose -4*d + 5*d + 3 = 0. Let r be t(d). What is the units digit of (-1 - (-1)/r)*-10?
5
Suppose 5*h - 48 = -h. What is the units digit of h?
8
Let s = 15 - 9. Suppose 5*y + 3 = s*y. What is the units digit of y?
3
Suppose -4*i + 10 = -2*m, 1 = 3*i + 3*m + 7. Suppose -20 = 4*h, -12 - i = 4*y + 5*h. What is the units digit of y?
3
Suppose 2*d - 3*l = 384, 12*l = -5*d + 16*l + 974. What is the hundreds digit of d?
1
Let n(i) = -i**3 - 3*i**2 - 3*i - 2. Let r be n(-2). Suppose 4*s - 20 = r, -3*u + 1 = -5*u + s. Let j = 2 + u. What is the units digit of j?
4
Suppose -4*r + 48 = 6*z - 3*z, 4*r + 36 = 4*z. Let m be (33/z - 0)*4. Suppose m = -5*s + 36. What is the units digit of s?
5
Suppose 0 = -4*u + 8, 2*u - 11 - 1 = -4*f. Let m be 1/((f - -1)/(-3)). What is the units digit of -1*m*12/3?
4
Let t be ((-12)/(-10))/(9/30). Let m = -4 - -7. Let c = t - m. What is the units digit of c?
1
Suppose -t = 8 + 8. Let i(w) = -w**2 - 9*w + 8. Let y be i(-7). Let q = y + t. What is the units digit of q?
6
Suppose -3*i - 4*o = -12, 0 = -2*i - 2*o - 2*o + 8. Let j = 5 - i. What is the units digit of j?
1
Let p = -107 - -195. Suppose 4*d = 3*s + d - 96, 4*s + 4*d - p = 0. What is the tens digit of s?
2
Suppose 5*j + 20 = 3*h, 3*j - h = 4*h - 28. Let i be (4 + j)/3*3. What is the units digit of (1 + 0)/(i/12)?
4
Let g(j) = 7*j**2 - 10*j - 15. What is the hundreds digit of g(6)?
1
Let m(a) = a**3 + 6*a**2 - 6*a. Let s be m(-6). Suppose 2*k = 0, 2*n - s = -2*k - 3*k. What is the tens digit of n?
1
Let b(u) = u**3 + 7*u**2 + 3*u + 4. What is the tens digit of b(-4)?
4
Let l(t) = t**3 + 7*t**2 - 2*t + 9. What is the tens digit of l(-6)?
5
Suppose 4*x - 1076 = -4*z, 5*z + 570 = 5*x - 765. What is the units digit of x?
8
Let p(o) = -o**2 + 7*o - 2. Let r be p(4). Let x be 2 + 0/(-1) + -2. Suppose 2*d + 10 = x, 2*b + 3*b = -3*d + r. What is the units digit of b?
5
Let u = -95 + 198. What is the hundreds digit of u?
1
What is the tens digit of (14 + -8)/(2/20)?
6
Let i(w) = -w**3 + w. Suppose -8 = 2*x + 4*y + y, -x - 1 = 4*y. Let p be (6*(-6)/x)/(-2). What is the units digit of i(p)?
6
Suppose 0 = i + 2*i - 3. Let o = i - 1. Suppose 3*h - h - 2 = o. What is the units digit of h?
1
Let u(w) = -2*w**2 - 10*w + 4. Let q(p) = 3*p**2 + 11*p - 4. Let b(m) = -3*q(m) - 4*u(m). Let a be b(4). Suppose 24 - a = c. What is the tens digit of c?
1
Let m(p) = 3*p**3 - 11*p**2 + 4*p. What is the tens digit of m(4)?
3
Let q(k) = -k**2 - 4*k + 1. Suppose 11 = -3*b - 1. What is the units digit of q(b)?
1
Let u(l) = -l**2 + l + 55. Let n be u(0). Let m = n - 38. What is the tens digit of m?
1
Suppose -h + 24 = -d + 7, h - 17 = -4*d. Suppose -h = -z - 8. What is the units digit of z?
9
Suppose -891 = 533*d - 536*d. What is the units digit of d?
7
Let a = -98 + 137. Suppose -5*r + 76 = -a. What is the units digit of r?
3
Let r be (-10)/(-4)*20/25. Let c(y) = 1 - r*y + 5*y - 2*y. What is the units digit of c(8)?
9
Let d(f) = 3*f**2 + f + 1. What is the